e 7*x + 449 = 449. Calculate m(x).
-11
Let b(q) be the third derivative of -5/24*q**4 + 4*q**2 + 5/6*q**3 - 1/60*q**5 + 0*q + 0. What is b(-6)?
-1
Let l(a) = 0 + 5 + 5*a - a. Let n(x) be the first derivative of 10*x**2 + 26*x + 1. Let v(z) = 11*l(z) - 2*n(z). Calculate v(-3).
-9
Let t(g) = -g**3 - 4*g**2 - 3*g - 6. Let r = 12 + -3. Let d = r - -1. Suppose d = -4*u - 6. Calculate t(u).
6
Let s(g) = 9*g**3 + 3*g**2 - 3*g + 3. Let y(w) = 26*w**3 + 8*w**2 - 8*w + 8. Let r(u) = -8*s(u) + 3*y(u). Calculate r(-1).
-6
Let l be ((-5)/2 + 2)*-2. Let x(j) be the third derivative of 0 + 0*j - j**2 - 1/6*j**3 - 1/3*j**4. Give x(l).
-9
Let m(j) be the second derivative of -j**7/840 + j**6/60 - j**5/24 + j**4/12 - j**3/6 - 4*j. Let x(b) be the second derivative of m(b). Give x(5).
2
Suppose 0 = -4*p + 3*u + 18, 2*p + 3*p - u - 17 = 0. Suppose 0*f + 3*j + 2 = f, 6 = -p*j. Let q be 102/(-27) - f/(-18). Let a(w) = -4*w - 6. Give a(q).
10
Let l(t) be the first derivative of -t**2/2 - t - 1. Let g = -13 + 3. Let w be ((-12)/7)/(g/35). Calculate l(w).
-7
Let m(y) = -7*y**2 + 8*y + 4. Let h(u) = -8*u**2 + 9*u + 5. Let n(l) = -5*h(l) + 6*m(l). Suppose -8*k + 0 + 24 = 0. Calculate n(k).
-10
Let p = -10 + 6. Let f(a) = -a + 8. Let d(l) = l - 9. Let s(w) = 6*d(w) + 7*f(w). What is s(p)?
6
Let g(x) = 0 - 1 + x + 3. Let i be 3/((-6)/(-104)) + -2. Let l be (-4)/(-18) - i/(-18). Calculate g(l).
5
Let p(z) be the third derivative of z**6/60 - z**5/20 + z**4/12 - z**3/2 - 9*z**2. Let k = 0 + 2. Calculate p(k).
5
Let c(h) = 11*h**2 - 20*h**2 - 1 + 15*h**2. Give c(1).
5
Let g(p) = -p**2 + 0*p**2 + 5*p - 6 + 4. Let o = -33 - -22. Let l = o - -15. Calculate g(l).
2
Let l(h) = -h**2 - 8*h - 8. Let m(j) = -j**2 - 9*j - 9. Suppose 5*w - 17 = 8. Let k(c) = w*l(c) - 4*m(c). Let x = -10 + 5. Calculate k(x).
-9
Let i = 131 + -128. Let q(c) = -c**3 + 2*c**2 + 4*c - 4. What is q(i)?
-1
Suppose -6 = -3*b - 0. Let k(m) = m - m - 2*m**b + 9*m**3 + 1. Give k(1).
8
Let m = -1 - -1. Suppose -13 = -r - m*r. Let o(l) = -8 + r - 6 - l**2 - 3*l. What is o(-4)?
-5
Let t(n) = 5*n. Let o = 8 + -6. Suppose 0*f - o*f + 4 = 0. What is t(f)?
10
Suppose 28 = -4*p + 8. Let q(i) = -3*i - 4. Give q(p).
11
Suppose 5*o - 2 = 4*o. Let i(f) = -o*f - 4 + 3 - 3*f. Let l(w) = w**2 - 15*w + 1. Let n be l(15). Calculate i(n).
-6
Let u(g) = 16*g - 9. Let d(v) = 7*v - 4. Let c(f) = 9*d(f) - 4*u(f). Let n be 1 - -1 - (-2 + 0). Determine c(n).
-4
Let c(l) be the second derivative of l**3/3 + l**2 + l. Determine c(-2).
-2
Let k = 1 + 0. Let f(a) be the second derivative of -1/2*a**4 + 2*a + 0 + 0*a**2 + 0*a**3. What is f(k)?
-6
Let q(c) = -2*c**2 + 2*c. Let z(u) = -u**2 + u + 1. Let g(b) = q(b) - 4*z(b). What is g(3)?
8
Let r(m) = 3*m**3 + m**2 + 3*m + 2. Let f be r(-1). Let j(l) = l**2 + 2*l + 2. Give j(f).
5
Let r(c) be the second derivative of c**6/720 + 7*c**5/120 + c**4/12 + 4*c. Let m(j) be the third derivative of r(j). Calculate m(0).
7
Let q(a) = -a + 22 - 19 - 20. What is q(-7)?
-10
Let j(t) = -t - 15*t**2 - 2*t**3 + 19*t**2 + 2 - 3*t**2. Give j(2).
-12
Let b(l) = 2*l**2 + 0*l - 3 - 3*l**2 + 0*l - 2*l. Calculate b(-2).
-3
Let w(i) be the first derivative of 3*i**4/2 - i**3/3 + 3. Suppose 0 = -3*u - 0 - 3. Determine w(u).
-7
Suppose -4*b - x = x - 6, 0 = -3*b + 5*x - 15. Let g(f) = -f + b*f - 4 + 1. Let r(l) = -l**2 + 14*l - 9. Let p be r(13). Calculate g(p).
-7
Let j(l) = -3*l**2 - 8*l**3 + l + l**2 + 5*l**3. Determine j(1).
-4
Let a(r) = 8*r**2 - 5*r**2 + 2*r + r + 2. Let c(k) = k - 9. Let h be c(7). Give a(h).
8
Let a(w) be the second derivative of 0 + 11*w - 7/2*w**2 + 1/6*w**3. Suppose 6*c - 3*c - 21 = -5*f, -5*f + 36 = -2*c. What is a(f)?
-1
Let l = -14 + 7. Let q(d) = -d - 1. What is q(l)?
6
Let g(c) be the third derivative of -c**3 - 1/60*c**5 + 0 + 0*c + 2*c**2 + 1/4*c**4. Suppose -3*r + 5*q + 25 = 2*r, -2*r + 10 = 4*q. Determine g(r).
-1
Let i(s) = -3*s - 5. Let r(t) = t - 10 + 4 + 6. Let y(k) = i(k) + 4*r(k). Give y(4).
-1
Let x(a) = -2*a**2 - 3*a - 2. Suppose -j = -19 + 22. Give x(j).
-11
Let u(j) = -j**3. Let o(p) be the second derivative of p**5/4 + p**4/3 - 2*p**3/3 - 3*p**2/2 + p. Let f(z) = o(z) + 4*u(z). Calculate f(-4).
13
Let z(q) be the second derivative of 1/2*q**2 - 1/12*q**4 + 1/6*q**3 + 1/4*q**5 + 0 - 2*q. Let c(i) = i**2 + 6*i + 4. Let g be c(-5). Give z(g).
-6
Let x(a) be the third derivative of -a**6/10 + a**5/60 - a**4/24 + a**3/6 - 3*a**2. Determine x(1).
-11
Let i = -35 + 36. Let z(b) = 2*b - 1. Determine z(i).
1
Let z(u) = u**3 - 4*u**2 + 3*u - 2. Suppose 0 = 3*f - 15, 2*f + f = 4*j + 3. Suppose -w - j*w = -16. Give z(w).
10
Let p be -1 + (4 - (1 - -1)). Suppose p - 10 = -3*v. Suppose 6 = x - r, v*r + 7 = 1. Let u(f) = -f**2 + 3*f + 5. Give u(x).
1
Suppose -7 = -4*q - f, -2*q - 2 = f - 5. Let n(v) = 0*v + v**3 - v + v**q + 2 + 1. Let i be 1*(0/1 + 0). Determine n(i).
3
Let c(x) be the second derivative of x**3/6 - 7*x**2/2 + 2*x. What is c(5)?
-2
Suppose t - 1 = 3. Let s(q) be the third derivative of q**5/60 - q**4/12 + 4*q**2 - 4*q. Calculate s(t).
8
Let g be 4/(-6) - (-19)/(-3). Let o = g + 6. Let u(t) = 3*t**3 - t**2 - t. Give u(o).
-3
Let z(i) = 21*i**2 - 3*i**3 + 1 + 3*i + 19*i**2 + 4*i**3 - 36*i**2. Calculate z(-3).
1
Let d(i) be the second derivative of i**3/6 - i**2/2 + 6*i. Let h be (2/(-2) - 0) + 2. Calculate d(h).
0
Let h(x) = -x**3 - x**2 - 5. Let g be h(0). Let m(u) be the third derivative of u**4/24 + u**3/6 - 8*u**2. Calculate m(g).
-4
Suppose 0 = 2*n + 28 - 30. Let p(z) be the first derivative of z**4 + z**2/2 - z - 1. Give p(n).
4
Let n(f) be the first derivative of -2*f + 1/2*f**2 - 2. Calculate n(-4).
-6
Let a(x) = -x**3 - 3*x**2 - 17. Let v(n) = -2*n**3 - 7*n**2 - 33. Let g(k) = 7*a(k) - 3*v(k). Calculate g(0).
-20
Let f(h) be the first derivative of 5*h**2/2 - 4*h - 19. Determine f(-3).
-19
Let b = -10 - -5. Let p(q) be the second derivative of q**4/24 - q**3/6 + 3*q**2 - q. Let d(z) be the first derivative of p(z). Calculate d(b).
-6
Let b(n) = -2*n**3 + 3*n**2 + n - 2. Suppose -33*g - 10 = -38*g. Determine b(g).
-4
Let a be 0 - 2 - (0 - 2). Let n be (2/5)/((-1)/(-10)). Let r(o) = -o - 1 - n + 2. Calculate r(a).
-3
Suppose m - 2 = 3*h - 4*m, 4*m = 3*h + 1. Suppose h = 5*a - 4. Let q(c) = c. Give q(a).
1
Let a(c) be the first derivative of -c**2 - 4*c + 1. Suppose 5*t + 11 = 2*t + x, -10 = 2*t + 2*x. Let h(g) = -2*g - 5. Let s be h(t). What is a(s)?
-10
Let r be 1 + (0 - -5) + -1. Let l be (3/1 + -4)*-3. Let h(m) = 2 + l - m - 3. Calculate h(r).
-3
Let b(u) be the first derivative of 3*u**2/2 + 6*u - 4. Determine b(-4).
-6
Let n(a) = -a**3 + 2*a**2 + 3. Let u(c) = c**3 - c**2 - c - 4. Let z(o) = -3*n(o) - 2*u(o). Determine z(3).
-4
Let q(t) = -9 - 16 + 23 - 3*t. Determine q(2).
-8
Let l be 0*(-2)/(-4) + 2. Let a(k) = -6 - k**l - 4*k**2 - 5*k + k**2 + 3*k**2. Suppose 2 = -f - 3. What is a(f)?
-6
Let p be (-2 - 0)/((-8)/12). Let t(w) be the third derivative of -w**4/24 + 5*w**3/6 - w**2. What is t(p)?
2
Let j(h) = 0 + 9*h - 10*h - 4. Determine j(-7).
3
Let p(o) = 2*o - 4. Suppose -2*l = 3*l + 15. Determine p(l).
-10
Let p(s) = -s**3 + s**2 - s. Let j(l) = -l**3 + 10*l**2 - l + 11. Let q be j(10). What is p(q)?
-1
Let a(d) = 3*d + 1. Let f(z) = -z**2 + z. Let q(l) = a(l) - 4*f(l). Let m be ((-30)/(-45) - 1/(-3))/1. What is q(m)?
4
Let p(x) = x**2 - 6*x. Let f(h) = -6*h**2 + 35*h + 1. Let c(l) = -6*f(l) - 34*p(l). Determine c(5).
14
Let o = -49 - -40. Let z(b) = -2*b - 13. What is z(o)?
5
Let m(g) = -2*g + 7. Let k(t) = -t**3 - 5*t**2 + 4*t - 1. Let s be k(-6). Let l = s - 5. Determine m(l).
-5
Let g(d) be the second derivative of -5*d**3/6 - d**2/2 - d. Let b be (-10)/9 + 29/261. Give g(b).
4
Let b(v) = v**3 + 3*v**2 - 2*v. Let h(c) = -2*c - 32. Let o be h(-14). Let f be -7 + o/(-6)*6. Determine b(f).
6
Let l(j) be the third derivative of j**6/120 + j**5/12 + j**4/4 + 5*j**2. Give l(-4).
-8
Let z(h) = h**2 + h + 5. Let s be z(0). Let q = -2 + s. Let b(r) be the first derivative of r**3/3 - r**2 + r + 5. Give b(q).
4
Let n(o) = -7 + 0*o**2 - o**2 - 7*o**3 + 8*o**3. Calculate n(0).
-7
Let l be ((-8)/(-10))/((-4)/(-10)). Suppose -b = -4*b + 5*v - 15, 4*b + 20 = l*v. Let g(n) = n**3 + 4*n**2 - 4*n + 4. Determine g(b).
-1
Suppose 6 = n + 2. Suppose -n*w + s - 21 = 